{"version":"1.0","provider_name":"Garage Sommerhalder","provider_url":"https:\/\/jenatschgaragen.ch\/sommerhalder","author_name":"Esclama Lab","author_url":"https:\/\/jenatschgaragen.ch\/sommerhalder\/blog\/author\/esclama-lab\/","title":"Volkswagen Festival - Garage Sommerhalder","type":"rich","width":600,"height":338,"html":"<blockquote class=\"wp-embedded-content\" data-secret=\"4vMFQB58lV\"><a href=\"https:\/\/jenatschgaragen.ch\/sommerhalder\/blog\/2026\/02\/19\/volkswagen-festival\/\">Volkswagen Festival<\/a><\/blockquote><iframe sandbox=\"allow-scripts\" security=\"restricted\" src=\"https:\/\/jenatschgaragen.ch\/sommerhalder\/blog\/2026\/02\/19\/volkswagen-festival\/embed\/#?secret=4vMFQB58lV\" width=\"600\" height=\"338\" title=\"&#171;Volkswagen Festival&#187; &#8211; Garage Sommerhalder\" data-secret=\"4vMFQB58lV\" frameborder=\"0\" marginwidth=\"0\" marginheight=\"0\" scrolling=\"no\" class=\"wp-embedded-content\"><\/iframe><script>\n\/*! This file is auto-generated *\/\n!function(d,l){\"use strict\";l.querySelector&&d.addEventListener&&\"undefined\"!=typeof URL&&(d.wp=d.wp||{},d.wp.receiveEmbedMessage||(d.wp.receiveEmbedMessage=function(e){var t=e.data;if((t||t.secret||t.message||t.value)&&!\/[^a-zA-Z0-9]\/.test(t.secret)){for(var s,r,n,a=l.querySelectorAll('iframe[data-secret=\"'+t.secret+'\"]'),o=l.querySelectorAll('blockquote[data-secret=\"'+t.secret+'\"]'),c=new RegExp(\"^https?:$\",\"i\"),i=0;i<o.length;i++)o[i].style.display=\"none\";for(i=0;i<a.length;i++)s=a[i],e.source===s.contentWindow&&(s.removeAttribute(\"style\"),\"height\"===t.message?(1e3<(r=parseInt(t.value,10))?r=1e3:~~r<200&&(r=200),s.height=r):\"link\"===t.message&&(r=new URL(s.getAttribute(\"src\")),n=new URL(t.value),c.test(n.protocol))&&n.host===r.host&&l.activeElement===s&&(d.top.location.href=t.value))}},d.addEventListener(\"message\",d.wp.receiveEmbedMessage,!1),l.addEventListener(\"DOMContentLoaded\",function(){for(var e,t,s=l.querySelectorAll(\"iframe.wp-embedded-content\"),r=0;r<s.length;r++)(t=(e=s[r]).getAttribute(\"data-secret\"))||(t=Math.random().toString(36).substring(2,12),e.src+=\"#?secret=\"+t,e.setAttribute(\"data-secret\",t)),e.contentWindow.postMessage({message:\"ready\",secret:t},\"*\")},!1)))}(window,document);\n\/\/# sourceURL=https:\/\/jenatschgaragen.ch\/sommerhalder\/wp-includes\/js\/wp-embed.min.js\n<\/script>\n","thumbnail_url":"https:\/\/jenatschgaragen.ch\/sommerhalder\/wp-content\/uploads\/sites\/2\/2026\/02\/news-Sommerhalder-Volkswagen_Festival.jpg","thumbnail_width":1440,"thumbnail_height":770,"description":"Wir laden Sie herzlich ein zum Volkswagen Festival vom 20. bis 22. M\u00e4rz 2026. Freuen Sie sich auf spannende Aktionen auf ausgew\u00e4hlte Modelle. Besuchen Sie uns vom 20. bis 22. M\u00e4rz 2026 und profitieren Sie von unseren limitierten Angeboten. Grosses Festival-Quiz in unserem Showroom:1. Preis: Dein Wunschauto im Wert von CHF 40\u2019000.\u2013\ud83e\udd48 2. Preis: VIP-Package [&hellip;]"}

Wir laden Sie herzlich ein zum Volkswagen Festival vom 20. bis 22. März 2026. Freuen Sie sich auf spannende Aktionen auf ausgewählte Modelle. Besuchen Sie uns vom 20. bis 22. März 2026 und profitieren Sie von unseren limitierten Angeboten. Grosses Festival-Quiz in unserem Showroom:1. Preis: Dein Wunschauto im Wert von CHF 40’000.–🥈 2. Preis: VIP-Package [&hellip;]
