{"version":"1.0","provider_name":"Garage Sommerhalder","provider_url":"https:\/\/jenatschgaragen.ch\/sommerhalder","author_name":"Esclama Lab","author_url":"https:\/\/jenatschgaragen.ch\/sommerhalder\/blog\/author\/esclama-lab\/","title":"Der neue Tayron - Garage Sommerhalder","type":"rich","width":600,"height":338,"html":"<blockquote class=\"wp-embedded-content\" data-secret=\"ANXL2bgZTN\"><a href=\"https:\/\/jenatschgaragen.ch\/sommerhalder\/blog\/2026\/02\/19\/der-neue-tayron\/\">Der neue Tayron<\/a><\/blockquote><iframe sandbox=\"allow-scripts\" security=\"restricted\" src=\"https:\/\/jenatschgaragen.ch\/sommerhalder\/blog\/2026\/02\/19\/der-neue-tayron\/embed\/#?secret=ANXL2bgZTN\" width=\"600\" height=\"338\" title=\"&#171;Der neue Tayron&#187; &#8211; Garage Sommerhalder\" data-secret=\"ANXL2bgZTN\" frameborder=\"0\" marginwidth=\"0\" marginheight=\"0\" scrolling=\"no\" class=\"wp-embedded-content\"><\/iframe><script>\n\/*! This file is auto-generated *\/\n!function(d,l){\"use strict\";l.querySelector&&d.addEventListener&&\"undefined\"!=typeof URL&&(d.wp=d.wp||{},d.wp.receiveEmbedMessage||(d.wp.receiveEmbedMessage=function(e){var t=e.data;if((t||t.secret||t.message||t.value)&&!\/[^a-zA-Z0-9]\/.test(t.secret)){for(var s,r,n,a=l.querySelectorAll('iframe[data-secret=\"'+t.secret+'\"]'),o=l.querySelectorAll('blockquote[data-secret=\"'+t.secret+'\"]'),c=new RegExp(\"^https?:$\",\"i\"),i=0;i<o.length;i++)o[i].style.display=\"none\";for(i=0;i<a.length;i++)s=a[i],e.source===s.contentWindow&&(s.removeAttribute(\"style\"),\"height\"===t.message?(1e3<(r=parseInt(t.value,10))?r=1e3:~~r<200&&(r=200),s.height=r):\"link\"===t.message&&(r=new URL(s.getAttribute(\"src\")),n=new URL(t.value),c.test(n.protocol))&&n.host===r.host&&l.activeElement===s&&(d.top.location.href=t.value))}},d.addEventListener(\"message\",d.wp.receiveEmbedMessage,!1),l.addEventListener(\"DOMContentLoaded\",function(){for(var e,t,s=l.querySelectorAll(\"iframe.wp-embedded-content\"),r=0;r<s.length;r++)(t=(e=s[r]).getAttribute(\"data-secret\"))||(t=Math.random().toString(36).substring(2,12),e.src+=\"#?secret=\"+t,e.setAttribute(\"data-secret\",t)),e.contentWindow.postMessage({message:\"ready\",secret:t},\"*\")},!1)))}(window,document);\n\/\/# sourceURL=https:\/\/jenatschgaragen.ch\/sommerhalder\/wp-includes\/js\/wp-embed.min.js\n<\/script>\n","thumbnail_url":"https:\/\/jenatschgaragen.ch\/sommerhalder\/wp-content\/uploads\/sites\/2\/2026\/02\/Tayron-interne_SSSSSOMMERHALDER_02.jpg","thumbnail_width":1600,"thumbnail_height":1067,"description":"Mehr Raum f\u00fcr alle(s).Entdecken Sie den neuen Tayron Entwickelt und gebaut in Wolfsburg, gemacht f\u00fcr die Welt: Der neue Tayron steht f\u00fcr mehr \u2013 mehr Raum, mehr Ausstattung, mehr Komfort. Sein eigenst\u00e4ndiges Design \u00fcberzeugt mit klaren Linien, einer kraftvollen Silhouette und hochwertigen Details.Die markante Front, in Wagenfarbe gehaltene T\u00fcrbeplankungen und optional erh\u00e4ltliche 20-Zoll-Leichtmetallr\u00e4der unterstreichen seinen [&hellip;]"}

Mehr Raum für alle(s).Entdecken Sie den neuen Tayron Entwickelt und gebaut in Wolfsburg, gemacht für die Welt: Der neue Tayron steht für mehr – mehr Raum, mehr Ausstattung, mehr Komfort. Sein eigenständiges Design überzeugt mit klaren Linien, einer kraftvollen Silhouette und hochwertigen Details.Die markante Front, in Wagenfarbe gehaltene Türbeplankungen und optional erhältliche 20-Zoll-Leichtmetallräder unterstreichen seinen [&hellip;]
